.
32
Suppose 75 = 4*c - 189. Let u = c + -38. Let k = u + -23. What is the remainder when 18 is divided by k?
3
Suppose -3*r + 4*r - 28 = 4*u, 3*r - 2*u = 74. What is the remainder when 56 is divided by r?
8
Suppose -100 = -6*g + 110. Let y(v) = -v + 6. What is the remainder when g is divided by y(0)?
5
Suppose l + 30 = 7*l. Let a = 20 - l. Calculate the remainder when a is divided by 6.
3
Let y(a) = a + 2. Let u = 4 - 4. Suppose 2*q + q = u. What is the remainder when 2 is divided by y(q)?
0
Suppose -3*i - 2*i - 135 = 0. Let g = i - -48. Calculate the remainder when g is divided by 8.
5
Suppose 2*p + 2*c - 2 = 6*p, -p = 3*c - 10. Calculate the remainder when 135 is divided by (p/2)/(5/340).
33
Suppose 4*v = -20, 3*v = 4*i - 3*i - 18. What is the remainder when 190 is divided by i?
1
Let c = -159 + 202. Calculate the remainder when c is divided by 2.
1
What is the remainder when 23 is divided by 3/((-144)/(-44) - 3) + -1?
3
Let h = 1041 - 745. Calculate the remainder when h is divided by 78.
62
Suppose 6*q + 55 = 11*q. Suppose 0*f + 15 = 5*f. Suppose 0 = -8*o + f*o + 150. What is the remainder when o is divided by q?
8
What is the remainder when -15 - -22 - (-2 + -76) is divided by 22?
19
Let s(z) = -59*z - 66. Calculate the remainder when s(-4) is divided by 43.
41
Let y = -456 + 866. Suppose 3*c + v + 236 = -0*v, 5*v + y = -5*c. Calculate the remainder when c/(-2)*(-6)/(-3) is divided by 20.
17
Let p(s) = s**3 - 10*s**2 - 5*s - 32. Let h(m) = -m. Let n(o) = -4*h(o) - p(o). What is the remainder when 77 is divided by n(11)?
7
Suppose 4*h - 79 = -3*g - h, -4*g - 5*h = -107. Let l = g + 29. Let f = -23 - -43. What is the remainder when l is divided by f?
17
Let a = 152 - 97. Suppose a = k + 3*y - 1, k + y = 64. Calculate the remainder when k is divided by 7.
5
Suppose 293 = -0*j + 3*j + 5*u, 4 = u. Calculate the remainder when j is divided by (-2)/(-12) - 1859/(-78).
19
Suppose j + 4*i - 5 = 10, -3*j - 3*i = -9. Let n be (3/12)/(j/(-8)). Suppose n*u + 130 = 7*u. Calculate the remainder when u is divided by 14.
12
Let t(v) = v + 8. Let m = -106 + 109. Calculate the remainder when 41 is divided by t(m).
8
Suppose -2*i - i + 21 = 0. Calculate the remainder when i is divided by 8/60 + (7 + -6 - (-73)/15).
1
Suppose -27*a + 24*a = -30. Let w(s) = 4*s**3 + s**2 - s. Let u be w(2). What is the remainder when (u/(-4))/((-3)/6) is divided by a?
7
Suppose -8*b = -51*b + 258. What is the remainder when 15 is divided by b?
3
Let g = 666 + -427. What is the remainder when g is divided by 72?
23
Let s be (3/(-6) + -2)*82/1. Let n = s + 376. What is the remainder when n is divided by 44?
39
Suppose -4*a + 56 = -28. Let x = -10 + a. Calculate the remainder when 76 is divided by x.
10
Let i(o) = 2*o**2 - 5*o + 3. What is the remainder when (264/(-30))/(18/(-45)) is divided by i(3)?
4
Suppose 9*j = 755 + 2557. What is the remainder when j is divided by 114?
26
Suppose -10066 + 2729 = -23*v. What is the remainder when v is divided by 5?
4
Let u = 210 - 207. Suppose 2*v = 5*v - 51. Calculate the remainder when v is divided by u.
2
Suppose 4*w + 61 = 5*b, 0 = 3*b - 4*w + 2*w - 35. Suppose -5*a - 5*m + 0*m + 225 = 0, 3*m - 91 = -2*a. What is the remainder when a is divided by b?
8
Suppose -2*c + 22 + 124 = 2*i, 4*c + i - 283 = 0. Calculate the remainder when c is divided by 23.
1
Let p(b) = 6*b + 268. Let x be ((-3)/2)/(1/6). Calculate the remainder when p(-38) is divided by (-195)/x - 4/6.
19
Calculate the remainder when 80 is divided by 3/(-2) - (-900)/40.
17
Suppose -24 = -2*c - 8. Suppose 68 = c*l - 20. What is the remainder when 20 is divided by l?
9
Suppose -3*y + 5 = 3*k - 64, -2*k + y = -37. What is the remainder when ((-82)/4 - -2)*-4 is divided by k?
14
Suppose -1863 = -6*b + 1209. Suppose -8*c = 168 - b. What is the remainder when 84 is divided by c?
41
What is the remainder when 7 is divided by 11 + (6 - (11 + 4))?
1
Suppose 228*s - 882 = 214*s. Calculate the remainder when 187 is divided by s.
61
Suppose -2*w + 109*w = 1266 + 18. Let o = 100 + -54. Calculate the remainder when o is divided by w.
10
Calculate the remainder when 100 is divided by (-336)/(-10) - 54/(-135).
32
Suppose -2*p - 551 = -2103. Suppose -6*j + p = -286. Calculate the remainder when j is divided by 45.
42
Let q = 116 - -529. What is the remainder when q is divided by 36?
33
Suppose -3*b = -34 - 44. What is the remainder when 2405/52 + 4/(-16) is divided by b?
20
Suppose i = 4*a - i + 4, 4*a + 3*i = 6. Suppose -5*w + 130 = -5*y, a = 2*w + 3*y - 4*y - 53. What is the remainder when w is divided by 15?
12
Let r(g) = -2*g**2 + 21 + 10*g + 3*g**2 - 20*g. What is the remainder when 45 is divided by r(9)?
9
What is the remainder when (111 - 1/1)*2/4 is divided by (2 - 0)*(-52)/(-8)?
3
Suppose -5*t = -3*n + 104, t + 3*n - 4*n = -22. Let b = t - -28. Calculate the remainder when 17 is divided by b.
8
Let x = 34 - 20. Calculate the remainder when ((-2)/12*-4)/(x/399) is divided by 11.
8
Suppose -k + 46 = 3*k - 2*b, 5*b = k - 25. Let r = 26 + k. What is the remainder when r is divided by 3?
0
Let k be -3*(78*-2 + 0). Suppose 0 = -5*o + u + 48 + k, 511 = 5*o + 4*u. What is the remainder when o is divided by 8?
7
Suppose -5*v + 52 = 4*y, -29 = -2*v - 4*y - 1. Let h be 113 - (-3 + (-9)/(-3)). Suppose 3*i - h = -20. What is the remainder when i is divided by v?
7
Suppose 3*x + 2*h = -3*h + 232, -5*x + h + 368 = 0. Let v(p) = 11 + 3*p - 10 + 2*p. Calculate the remainder when x is divided by v(2).
8
Suppose 15 = 5*q - 5. What is the remainder when (-1827)/(-28) + (-1)/q is divided by 22?
21
Suppose -5*y - 2*w + 64 = -3*w, -3*w = 5*y - 68. Calculate the remainder when y is divided by (7/2)/((-2)/(-4)).
6
Suppose -4*u = -68 + 28. What is the remainder when 69 is divided by u?
9
Suppose -2*i - 1 - 3 = 0. Let a be 6/(-36)*9 + 6/(-4). Let f = i - a. What is the remainder when 1 is divided by f?
0
Let p be ((-5)/(-3) + -1)*(22 + -28). Calculate the remainder when 67 is divided by (-1 - p/2) + (7 - -6).
11
Suppose 0 = 9*f - 8*f - 2*b - 107, 2*f + b - 214 = 0. Calculate the remainder when f is divided by 27.
26
Let s = -373 + 498. What is the remainder when 370 is divided by s?
120
Let x = 84 - 176. Calculate the remainder when 188/6 - x/(-69) is divided by 8.
6
Let j(m) = 2*m**2 - 10*m - 1. Let a be j(5). What is the remainder when 1/(a/(-129))*14/21 is divided by 22?
20
Let y(g) = 4*g - 2 + 0*g**2 - 2 + 3*g + g**2. Let x be y(-8). Suppose -x*l - 28 = -8*l. What is the remainder when 20 is divided by l?
6
Let o = -377 - -752. What is the remainder when o is divided by 39?
24
Calculate the remainder when 4 - (-29)/(203/1722) is divided by 12.
10
Calculate the remainder when (-12 + -2)*(10 + -5 + -9) is divided by (-38)/(-3)*6/4.
18
Let m = 5 - -5. Let i(z) = z**3 - 6*z**2 - 2*z + 7. Let c be i(6). What is the remainder when ((-8)/6)/(c/105) is divided by m?
8
Suppose -2*l + 50 = -18. What is the remainder when l is divided by 26?
8
Let l = 8 - -2. Suppose 4*t + 5030 = 113*t - 1401. What is the remainder when t is divided by l?
9
What is the remainder when (3192/252)/(2/42 - 0) is divided by 21?
14
Suppose 4*n + z + 17 = -0*n, -15 = 5*n - 5*z. Let o be (-2 - (n + 1))*1. Calculate the remainder when (o*-18)/(18/(-96)) is divided by 25.
21
Let z be 20/15 + 2/3 - 3. What is the remainder when 41 is divided by 5/((-1)/(z + -2))?
11
Suppose -11*j + 270 = -511. What is the remainder when j is divided by 9?
8
Suppose 3*u = 2*u - 37. Let y = -17 - u. What is the remainder when y is divided by 11?
9
Let v = 21 + 31. Let r = -28 + 46. What is the remainder when v is divided by r?
16
Let p(g) = -6*g**3 + 4*g**3 + 5*g + 18*g**2 + g**3 + 20*g. Calculate the remainder when p(19) is divided by 23.
22
Let w be (-8)/28 + 23/7. Let y(x) = -x**3 + 6*x**2 - 6*x - 3. Calculate the remainder when y(w) is divided by 2.
0
Let i(o) = o**2 - 4*o - 6. Let u be 126/7*1/3. Suppose 11*n - 105 = u*n. Calculate the remainder when i(-5) is divided by n.
18
Let x = -48 - -51. Suppose -x*l = 4*y - 68 - 136, -3*y - 247 = -4*l. What is the remainder when l is divided by 13?
12
Suppose 0 = -t + 3 + 58. Suppose 7*k - 37 = t. Let c(v) = 9*v**2 - 2*v + 1. Calculate the remainder when k is divided by c(1).
6
What is the remainder when (40/3 - 8